515 (base 8) to base 4
-2013131031
What is d0107 (base 14) in base 9?
841303
Convert -a5303 (base 14) to base 13.
-10c4a8
What is 1002001313 (base 4) in base 5?
32123310
Convert -466627 (base 9) to base 5.
-32433242
Convert -7851aa (base 12) to base 14.
-37c69c
13200233300 (base 4) to base 11
1125494
Convert -23434057 (base 8) to base 3.
-100122102210221
What is -151a12 (base 14) in base 6?
-23425012
-31352505 (base 6) to base 15
-131a0e
Convert -c6475 (base 15) to base 16.
-99818
What is 14463 (base 14) in base 12?
25107
What is 66b33 (base 15) in base 11?
20335a
-1432020 (base 6) to base 8
-240254
What is -23640 (base 12) in base 5?
-3010233
-14142 (base 5) to base 3
-1121102
-49135a (base 12) to base 11
-73976a
What is 5830a5 (base 14) in base 16?
2dd999
Convert 6d841b (base 15) to base 13.
111716c
75553 (base 10) to base 6
1341441
Convert -120211000212100 (base 3) to base 6.
-500053143
-12121000100 (base 3) to base 4
-122320020
Convert 1b90141 (base 12) to base 5.
3003104303
-11220244111 (base 5) to base 7
-212440514
Convert -10202022221101 (base 3) to base 16.
-1e6f04
20c601 (base 14) to base 4
10032323321
-10212111010 (base 3) to base 15
-17880
What is 110000101000010111 (base 2) in base 8?
605027
Convert -14517416 (base 9) to base 7.
-115222563
-1105 (base 13) to base 6
-14551
-212222120121 (base 3) to base 11
-2a2758
Convert 29b177 (base 12) to base 5.
140003111
Convert -336b8 (base 12) to base 6.
-1244352
-855426 (base 13) to base 10
-3124842
What is 33243580 (base 9) in base 15?
162c726
Convert 396132 (base 10) to base 11.
250690
What is -100012120231 (base 4) in base 12?
-14b6491
60605626 (base 7) to base 16
4cf7a1
Convert 3a868a (base 12) to base 3.
1211012201221
What is -b0bbb (base 15) in base 10?
-559526
What is -7217157 (base 9) in base 2?
-1110101011111011111110
7323 (base 9) to base 6
40503
What is -11101002210112 (base 3) in base 6?
-121454105
Convert -2222001121112 (base 3) to base 15.
-211d95
-30543770 (base 8) to base 4
-120230133320
-11000110001010110 (base 2) to base 4
-120301112
What is -16645254 (base 7) in base 6?
-55104343
-1050253013 (base 6) to base 13
-24c8595
-1853b (base 15) to base 9
-130082
Convert 3263260 (base 7) to base 16.
622d8
What is 10100011001010010111 (base 2) in base 6?
22154011
Convert -31698 (base 12) to base 8.
-176624
-16537a1 (base 12) to base 5
-2133321334
Convert 105323002 (base 6) to base 9.
3575402
201000012212 (base 3) to base 2
1011011010101110111
What is 10b5dc1 (base 14) in base 13?
1860024
11010101100110111101100 (base 2) to base 13
15b0c47
What is -11100100101001001011010 (base 2) in base 6?
-424330014
What is 137c61 (base 14) in base 5?
133042332
Convert -6701715 (base 8) to base 10.
-1803213
Convert 216463312 (base 7) to base 8.
62103542
What is -2112202101 (base 4) in base 9?
-1138723
-2143184 (base 10) to base 15
-2c503e
20160 (base 9) to base 15
3ddc
5061444 (base 7) to base 8
2232126
158b2a (base 16) to base 14
28a76a
Convert 65094 (base 11) to base 16.
1718c
-1000331210 (base 4) to base 2
-1000000111101100100
-a29b70 (base 14) to base 6
-313255422
What is -60d84 (base 14) in base 11?
-14a1a4
What is 31243 (base 11) in base 4?
23013213
Convert 25360245 (base 7) to base 9.
4285356
What is 101110111000111101111 (base 2) in base 14?
2bdd39
1021011011 (base 3) to base 9
37134
Convert 22011221102120 (base 3) to base 13.
b9356b
What is 10003022 (base 5) in base 14?
20880
Convert -2222110122 (base 3) to base 9.
-88418
14b727 (base 12) to base 10
351823
Convert -1a7a6 (base 11) to base 6.
-341510
-697910 (base 12) to base 13
-4737b4
What is 10201200112122 (base 3) in base 9?
3650478
Convert 1e6eb (base 16) to base 2.
11110011011101011
What is -262100 (base 13) in base 8?
-3401763
What is 40bfa (base 16) in base 10?
265210
15b4145 (base 15) to base 3
1002122121010202
-23b9a5 (base 14) to base 15
-192579
Convert 7a397e (base 15) to base 14.
abc208
Convert 26b2c6 (base 15) to base 8.
7061245
Convert -2352415 (base 6) to base 11.
-84a41
Convert 7785564 (base 9) to base 15.
57b751
What is -102300310302 (base 4) in base 12?
-1792496
What is -10110001110011001011 (base 2) in base 7?
-6122141
Convert -203100524 (base 6) to base 12.
-1211744
2a9904 (base 13) to base 12
42741a
What is 38930 (base 12) in base 15?
17dc9
What is aaa43 (base 15) in base 13?
15cac5
What is 10302343 (base 5) in base 8?
253450
Convert 1730a0 (base 12) to base 2.
1100001011110111000
Convert 3d25a8 (base 14) to base 2.
1000000101011101001000
-2832166 (base 9) to base 10
-1556556
a468a3 (base 11) to base 8
6315475
11f46 (base 16) to base 7
424260
Convert d83871 (base 15) to base 7.
153311545
What is -3441324 (base 7) in base 6?
-13120023
Convert -1031122442 (base 5) to base 9.
-4134561
Convert 236000 (base 7) to base 12.
2098b
Convert -604981 (base 12) to base 8.
-5564161
Convert 1135525412 (base 6) to base 10.
12873104
-14558 (base 10) to base 16
-38de
Convert 11101101010011100101 (base 2) to base 13.
280568
-1000111100011110000 (base 2) to base 6
-10140544
Convert -20500413 (base 8) to base 5.
-2103432121
Convert 3135453 (base 8) to base 15.
117332
Convert 13a (base 13) to base 11.
189
What is -334551 (base 8) in base 3?
-12202000020
-10101010010101111000101 (base 2) to base 5
-2412104030
What is 701a1 (base 13) in base 3?
101011122211
20003010012 (base 4) to base 7
23634510
What is 306042 (base 8) in base 4?
120300202
What is 8448b6 (base 14) in base 6?
235441344
-4658c7 (base 13) to base 6
-55435010
Convert -10411404 (base 5) to base 14.
-254a3
-148245 (base 12) to base 10
-345941
Convert 12258383 (base 10) to base 5.
11114232013
What is -34646524 (base 7) in base 12?
-1033434
-1189cb (base 13) to base 12
-182666
7d1fd8 (base 16) to base 2
11111010001111111011000
Convert -20010100331 (base 4) to base 7.
-23655035
What is 2c2a16 (base 13) in base 5?
234411141
What is 2090fc (base 16) in base 5?
1021244033
Convert -270a5b (base 14) to base 16.
-148c29
Convert 100101000011100100 (base 2) to base 9.
251174
1818701 (base 10) to base 15
25dd1b
Convert -12111121110 (base 3) to base 6.
-2153320
-2012232201 (base 5) to base 16
-3d66f3
1010001110011101011110 (base 2) to base 16
28e75e
What is -1203365 (base 8) in base 14?
-880cd
-846878 (base 11) to base 8
-5130353
What is 60113 (base 12) in base 9?
208786
-11354617 (base 8) to base 9
-4600571
Convert a30a3 (base 11) to base 10.
150516
10100100001100110 (base 2) to base 9
137281
What is -7998362 (base 10) in base 14?
-10c2bd8
Convert 3517032 (base 11) to base 8.
27337673
164563 (base 7) to base 2
1000000001101011
13826a (base 12) to base 4
1033121302
What is 756220 (base 10) in base 4?
2320213330
Convert -c4809 (base 13) to base 14.
-9285b
3570353 (base 8) to base 9
1752156
-3612056 (base 8) to base 2
-11110001010000101110
What is 673431 (base 12) in base 14?
30b165
What is 374fda (base 16) in base 8?
15647732
Convert 385167 (base 10) to base 3.
201120100110
Convert -213004 (base 8) to base 3.
-10121122000
Convert 242043132 (base 6) to base 14.
872608
-18b8368 (base 13) to base 9
-16260510
Convert 4467301 (base 8) to base 6.
41520333
-238281 (base 9) to base 3
-21022022201
Convert 22111112022122 (base 3) to base 5.
2124032341
What is 341233030 (base 6) in base 11?
3572223
Convert 63386 (base 10) to base 13.
22b0b
Convert 18b805 (base 14) to base 9.
1575803
209761 (base 12) to base 5
112424142
Convert 12132401 (base 5) to base 13.
402b1
-18a4a (base 12) to base 2
-1000110011011010
-344121 (base 7) to base 5
-3431321
What is -59597 (base 15) in base 13?
-9c802
6130543 (base 7) to base 16
b2444
Convert 3215733 (base 8) to base 12.
3551b7
What is -3209212 (base 10) in base 16?
-30f7fc
113142104 (base 5) to base 6
15102253
2115524 (base 9) to base 13
308674
What is 41320413 (base 7) in base 6?
202152030
What is -329d8 (base 15) in base 14?
-42897
What is -14662445 (base 8) in base 14?
-6396bb
Convert 1ec5d (base 15) to base 5.
11210123
Convert -353741 (base 9) to base 11.
-135923
What is 10001010111101010110110 (base 2) in base 5?
2131202043
Convert -100210200111 (base 3) to base 4.
-233012323
Convert -1656ca (base 15) to base 16.
-1080c4
-2b6b4b (base 16) to base 4
-22312231023
Convert 5252435 (base 7) to base 8.
2327624
Convert -45210 (base 15) to base 14.
-5a18c
-11011001111